ime factors of l?
2, 3, 17
Let n(w) = -w**2 + 6*w + 8. Let u be n(7). Let z(i) = 4*i**2 + i - 1. Let s be z(u). Suppose -g + 43 = 4*g - f, f + 34 = s*g. List the prime factors of g.
3
Suppose -4*n = -3*c + 47, -6*c + 71 = -2*c + 3*n. Let t(v) = -8*v**2 + 6*v**3 - c*v - 9*v**2 + 0*v**2 - 5*v**3. List the prime factors of t(18).
2, 3
Let d(o) = 8*o**2 + o - 18. Let m = -37 - -41. What are the prime factors of d(m)?
2, 3, 19
Let p(l) = 54*l**2 + 2*l - 8. Let g be p(4). Suppose 8*o - g = 2*o. List the prime factors of o.
2, 3
Suppose 87*b - 20164 = 16*b. What are the prime factors of b?
2, 71
Let y(c) = 5*c + 0*c**3 + 5*c**2 - 2*c**2 + 4 - 2*c**3 + 2. What are the prime factors of y(-4)?
2, 3
Let w = -3006 - -6330. What are the prime factors of w?
2, 3, 277
Let l be (-3)/(-2) - (-2)/(-20)*5. What are the prime factors of 3 - (-1 + (-54 - l) + 2)?
3, 19
Let k be -159*-4*(-3)/(-54)*3. Let p = k - 75. List the prime factors of p.
31
Let l(p) = 5*p + 11. Let b = -2 - -9. List the prime factors of l(b).
2, 23
Let f(r) = r**2 + 13*r + 10. Let w be f(-10). List the prime factors of (-120)/(((-12)/w)/(4/(-10))).
2, 5
Let u be (-1131)/(-45) - (-6)/(-45). Let l = u + 43. What are the prime factors of l?
2, 17
Let o(l) be the first derivative of 2*l**5/15 + l**4/12 + l**3/3 - 4. Let t(c) be the third derivative of o(c). List the prime factors of t(2).
2, 17
Let f(u) = 13*u - 37. List the prime factors of f(26).
7, 43
Let b = 158 + 416. List the prime factors of b.
2, 7, 41
Suppose 0*t + 5*t = -330. Let f = 131 + t. List the prime factors of f.
5, 13
Suppose 2*m + 8 - 14 = 0. Suppose 2*h = -m + 13. Suppose -h*k + 58 = -4*k. List the prime factors of k.
2, 29
Let v(a) = a**2 - a + 128. Let s be v(0). Suppose s = 4*u - 2*y, 2*y = -5*u - 0*u + 151. Suppose u = z - 27. What are the prime factors of z?
2, 29
Suppose 0 = 5*n - 0*a - 2*a - 16, 0 = n - a - 2. Suppose -3*t - 3 = -n*t, -t - 725 = -4*m. List the prime factors of m.
2, 7, 13
Suppose -3*g - 2*t = -54 - 203, -4*g - 2*t = -344. List the prime factors of g.
3, 29
Suppose -11*u + 16*u - 75 = 0. Suppose u*q - 14*q - 65 = 0. List the prime factors of q.
5, 13
Let c = 2 - 0. Let h be 1/(9/(-4) + c). Let n = 1 - h. List the prime factors of n.
5
Suppose 3*j = -3*r - j - 3, 2*r + j = -2. What are the prime factors of 3*r*(-200)/6?
2, 5
Suppose 4*s = 1140 + 24. List the prime factors of s.
3, 97
Suppose -4*o - 3*x + 329 = 0, 246 = 3*o + 3*x - 0*x. Suppose 0 = -2*w - 6, 0*g = g + w - o. List the prime factors of g.
2, 43
Let f = -14 - -26. Let k = 20 - f. List the prime factors of k.
2
Let s(u) = 5*u**3 - 7*u**2 - 10*u + 11. What are the prime factors of s(5)?
3, 137
Let b(u) = 7*u + 24. Let k(r) = 8*r + 25. Let z(l) = -6*b(l) + 5*k(l). Let f be z(-13). What are the prime factors of (6/f)/((-18)/(-84))?
2
Suppose 5 - 10 = -5*l. List the prime factors of (0 + l)*(3 - -34).
37
Suppose 5*z - t = -7925 + 27860, -2*t = -5*z + 19935. What are the prime factors of z?
3, 443
Let w = 890 + -582. List the prime factors of w.
2, 7, 11
Let o(a) be the third derivative of -a**5/60 + 22*a**3/3 - 11*a**2. List the prime factors of o(0).
2, 11
Let v(m) = 2*m + 63. Let s(n) = -n**3 + 4*n**2 - 2*n - 3. Let l be s(3). What are the prime factors of v(l)?
3, 7
Let h(w) = -26*w. Let p be h(-2). Suppose 5*y + 12 - p = 0. Let d(v) = v**3 - 8*v**2 + 3*v - 6. List the prime factors of d(y).
2, 3
Let c = -349 - -428. What are the prime factors of c?
79
Suppose -3*b - 23 = 7. Let t = b - -14. List the prime factors of t/6*282/4.
47
Suppose 17*o = 15*o + 188. Suppose 0 = -2*u - 22 + o. List the prime factors of u.
2, 3
Suppose 4*a = a + 63. Suppose -3*y + 37 = -5*l, 4*l - 5*l - a = -4*y. Let k(v) = -v**3 + 6*v**2 - 3*v - 8. List the prime factors of k(y).
2, 3
Suppose 0 = -q - 5*f - 10, q - 40 = 5*q - 3*f. Let w be (-6)/q - 1752/20. List the prime factors of 2 + w/((-9)/3).
31
Let x = 5 + -3. Suppose -x*p = -72 - 84. List the prime factors of (-3)/9 - p/(-18).
2
Suppose 1 - 13 = -4*i. Suppose 0 = -2*f - 3*f + 10. Suppose 10 = f*n + 2*j + i*j, j = -n + 11. What are the prime factors of n?
3, 5
Suppose 6*r = 5*f + 10*r + 16, 4*r + 16 = -f. Suppose -3*w - 2*g + 6*g + 952 = f, 3*g - 924 = -3*w. List the prime factors of w.
2, 3, 13
Let m be -10 - 0 - (-4 - 0). Let w(v) = -v - 4. Let n be w(m). What are the prime factors of ((-72 - 4) + n)/(-2)?
37
List the prime factors of (-1 + -2)/(14/(-2800)).
2, 3, 5
Let d(s) = -s**2 - 23*s - 7. Let k be d(-19). List the prime factors of ((-70)/30)/(-1 - k/(-72)).
2, 7
Let w = -255 + 797. What are the prime factors of w?
2, 271
Suppose 4*b + 0*b = 0. Suppose -m + 29 + 20 = b. List the prime factors of m.
7
Suppose -n - 2 = -i - 2*i, 12 = 2*i + 2*n. Let c(g) = -8*g. Let t(a) = -7*a. Let j(d) = 4*c(d) - 5*t(d). List the prime factors of j(i).
2, 3
Suppose -129 = -2*z - 3*y + 82, 0 = -y + 3. Suppose 5*a + z = 356. List the prime factors of a.
3, 17
List the prime factors of -1257*3*(28/(-12) + 2).
3, 419
Suppose 0 = -y + d + 2119, -6*d = -7*d + 2. What are the prime factors of y?
3, 7, 101
What are the prime factors of 5245*(-1)/(-4) - (-34)/(-136)?
3, 19, 23
Let j = 57 - 50. List the prime factors of j.
7
Let z = -65 - -758. What are the prime factors of z?
3, 7, 11
Let c = 116 - 30. List the prime factors of c.
2, 43
Suppose 5*p - w = 2233, 2*p + p = -3*w + 1347. List the prime factors of p.
3, 149
Let g(r) = r**3 - r**2 - r - 3. Let q be g(0). Let h be q - -7 - 1 - -2. Suppose 3*f - h = 7. What are the prime factors of f?
2
Let u(y) = 4*y**2 - 22*y - 14. Let k(p) = p**2 - 7*p - 5. Let a(m) = -7*k(m) + 2*u(m). Let x(f) = f**2 + f - 7. Let s be x(0). List the prime factors of a(s).
3, 7
Suppose 0 = -17*o + 3025 + 9232. List the prime factors of o.
7, 103
Let p(a) = a**3 + 4*a**2 - 6*a - 6. Let w be p(-5). Let j = 2 - w. Suppose 3*o = -x + 29, -4*x - j*o + 71 = -0*o. List the prime factors of x.
2, 7
Let l(c) = 40*c + 42. What are the prime factors of l(25)?
2, 521
Let m = 11 - 14. Let z be ((-4)/m)/(12/18). List the prime factors of 1176/30 - z/10.
3, 13
Let j(a) = -a**2 + 12*a - 17. Let o = 40 + -33. What are the prime factors of j(o)?
2, 3
Suppose -4*f - 41*w = -44*w - 2048, 0 = -5*f + 2*w + 2560. List the prime factors of f.
2
Suppose 0 = -o - 27 - 30. Let v = -25 - o. List the prime factors of v.
2
List the prime factors of 36/(-216) - (-8750)/12.
3
Let y(m) = -15 - 3*m - m**3 + 6*m + 14 + 8*m**2. What are the prime factors of y(4)?
3, 5
Let k(w) = -14*w - 228. List the prime factors of k(-35).
2, 131
Suppose 55*q + 18100 = 80*q. What are the prime factors of q?
2, 181
Let v(t) = t**3 - t**2 - 10*t - 2. Let f be v(4). List the prime factors of 16*1/f + 4/(-6).
2
Suppose -5*u + 2*h + 13955 = 0, 87*h - 85*h = 4*u - 11162. What are the prime factors of u?
3, 7, 19
Let u be (3 - 13)/(3/(-36)). Suppose 34*y = 36*y - u. List the prime factors of y.
2, 3, 5
Let k(z) = -4*z + 14. Let q be k(5). What are the prime factors of (39*(-8)/q)/((-2)/(-4))?
2, 13
Suppose 3*q = 5*q - 18. Let s = -5 + q. Suppose 0 = -2*x + s*x - 46. What are the prime factors of x?
23
Let l(c) = -2*c + 43. Let u = 10 - 10. Suppose -t = -u*t. List the prime factors of l(t).
43
Suppose -h - p + 6 = 0, 4*p = 3*h - 0*h + 3. Let q(k) = -4*k - h*k**2 - 2 + 1 + 4*k**2. List the prime factors of q(-4).
31
Let a(m) = 2*m - 8. Let b be a(4). What are the prime factors of b - (3 + 2 + -213)?
2, 13
Suppose 42*d + 7706 - 27824 = 0. List the prime factors of d.
479
Suppose -4*j = -d - 89, -2*j = 3*j - 2*d - 115. Let r = j + 86. What are the prime factors of r?
107
Let p(n) = -n**3 - 10*n**2 - 10*n - 1. Let l be p(-8). Let q = 89 + l. Suppose 4*v + 3*d - 54 = -8, -5*v + q = -5*d. What are the prime factors of v?
2, 5
Suppose 3*j - 3 - 12 = -5*i, -5*i + 20 = 2*j. Suppose -8*g + i*g - 4 = 0. What are the prime factors of g/8 - (-356)/16?
2, 11
What are the prime factors of (-18)/27 - (-460)/6?
2, 19
Let m(z) = -z**3 - z**2 - 2*z + 2760. List the prime factors of m(0).
2, 3, 5, 23
Let b(s) = -57*s - 11. Let h(q) = 58*q + 10. Let i(x) = 5*b(x) + 6*h(x). What are the prime factors of i(1)?
2, 17
Suppose 8*x = 3*x - 5*a - 60, -5*a - 32 = x. Let u = 17 + x. List the prime factors of u.
2, 5
Let r = -179 - -172. List the prime factors of 0/(4 + r) + 169.
13
Let 